dred thousands digit of 117591837?
5
What is the ten thousands digit of 119562750?
6
What is the billions digit of 3797225598?
3
What is the millions digit of 635013469?
5
What is the hundreds digit of 256748763?
7
What is the ten thousands digit of 44680233?
8
What is the tens digit of 26769483?
8
What is the hundreds digit of 294927756?
7
What is the tens digit of 937572946?
4
What is the millions digit of 157600901?
7
What is the ten millions digit of 134252001?
3
What is the hundred thousands digit of 226769155?
7
What is the ten thousands digit of 5614021677?
2
What is the hundred thousands digit of 234047091?
0
What is the ten millions digit of 2160830080?
6
What is the hundreds digit of 37559076?
0
What is the thousands digit of 39921471?
1
What is the units digit of 2709819980?
0
What is the ten millions digit of 980312871?
8
What is the hundred thousands digit of 42220780?
2
What is the hundred thousands digit of 908307183?
3
What is the ten thousands digit of 38807375?
0
What is the millions digit of 5567773506?
7
What is the ten millions digit of 46578329?
4
What is the thousands digit of 780660965?
0
What is the hundred thousands digit of 32742195?
7
What is the hundred thousands digit of 1342839413?
8
What is the ten millions digit of 3424090003?
2
What is the millions digit of 599810758?
9
What is the hundred thousands digit of 2999963541?
9
What is the ten millions digit of 4891598544?
9
What is the hundred millions digit of 239562968?
2
What is the hundreds digit of 1713898238?
2
What is the hundred millions digit of 3021017933?
0
What is the ten millions digit of 82798001?
8
What is the units digit of 53424657?
7
What is the ten millions digit of 313175013?
1
What is the ten millions digit of 1549102305?
4
What is the thousands digit of 20018861?
8
What is the ten millions digit of 10111278?
1
What is the hundred thousands digit of 175159948?
1
What is the thousands digit of 173633642?
3
What is the hundreds digit of 33604425?
4
What is the ten thousands digit of 1712617882?
1
What is the hundred millions digit of 2529124693?
5
What is the millions digit of 180288238?
0
What is the thousands digit of 88536288?
6
What is the ten millions digit of 137440182?
3
What is the ten thousands digit of 562546108?
4
What is the tens digit of 61700488?
8
What is the thousands digit of 500808261?
8
What is the hundred millions digit of 1002402660?
0
What is the ten thousands digit of 1213613732?
1
What is the millions digit of 723572010?
3
What is the hundred thousands digit of 953166497?
1
What is the tens digit of 41205827?
2
What is the tens digit of 3153447628?
2
What is the thousands digit of 324382303?
2
What is the thousands digit of 65081348?
1
What is the ten thousands digit of 1513949675?
4
What is the millions digit of 1550170119?
0
What is the tens digit of 920444337?
3
What is the millions digit of 42992033?
2
What is the units digit of 4008699657?
7
What is the thousands digit of 202493913?
3
What is the hundreds digit of 2089637784?
7
What is the hundreds digit of 136718338?
3
What is the ten millions digit of 192507926?
9
What is the millions digit of 13184685?
3
What is the tens digit of 5795523870?
7
What is the thousands digit of 47120492?
0
What is the millions digit of 166938828?
6
What is the millions digit of 22016561?
2
What is the thousands digit of 329909971?
9
What is the hundreds digit of 463276955?
9
What is the units digit of 8998718?
8
What is the millions digit of 58841519?
8
What is the thousands digit of 1097919?
7
What is the hundred thousands digit of 388720456?
7
What is the hundred thousands digit of 56407184?
4
What is the hundreds digit of 561049769?
7
What is the hundred thousands digit of 341173499?
1
What is the millions digit of 23531717?
3
What is the millions digit of 78942606?
8
What is the thousands digit of 68625757?
5
What is the units digit of 377534497?
7
What is the millions digit of 17628432?
7
What is the thousands digit of 1778372634?
2
What is the ten millions digit of 354320694?
5
What is the millions digit of 809418505?
9
What is the hundreds digit of 34798262?
2
What is the hundreds digit of 3291714682?
6
What is the ten millions digit of 1532382303?
3
What is the hundred millions digit of 670939074?
6
What is the billions digit of 3143812191?
3
What is the thousands digit of 85181839?
1
What is the units digit of 71797522?
2
What is the thousands digit of 140445039?
5
What is the thousands digit of 3692481851?
1
What is the hundreds digit of 164474693?
6
What is the ten millions digit of 71644521?
7
What is the millions digit of 298105176?
8
What is the hundreds digit of 1797090339?
3
What is the billions digit of 2495536876?
2
What is the units digit of 5541004?
4
What is the hundred thousands digit of 7681354?
6
What is the tens digit of 39647654?
5
What is the millions digit of 2580357144?
0
What is the hundreds digit of 38925660?
6
What is the hundred thousands digit of 741035737?
0
What is the ten thousands digit of 36577816?
7
What is the thousands digit of 446460835?
0
What is the hundred millions digit of 3098113652?
0
What is the tens digit of 4236779367?
6
What is the ten thousands digit of 121238167?
3
What is the tens digit of 179224429?
2
What is the units digit of 192380649?
9
What is the tens digit of 124230718?
1
What is the units digit of 360521998?
8
What is the ten millions digit of 34009184?
3
What is the units digit of 346448238?
8
What is the tens digit of 303123858?
5
What is the thousands digit of 3229831695?
1
What is the hundred thousands digit of 442267645?
2
What is the hundred thousands digit of 149277076?
2
What is the hundred thousands digit of 16118778?
1
What is the hundred thousands digit of 29715752?
7
What is the hundreds digit of 35649055?
0
What is the ten millions digit of 1584644470?
8
What is the units digit of 464614705?
5
What is the millions digit of 86764805?
6
What is the units digit of 4490832?
2
What is the billions digit of 5717379095?
5
What is the hundreds digit of 147143306?
3
What is the ten thousands digit of 838230603?
3
What is the ten thousands digit of 69012347?
1
What is the hundred millions digit of 165208754?
1
What is the units digit of 20345468?
8
What is the tens digit of 19407977?
7
What is the tens digit of 1341877771?
7
What is the millions digit of 74431549?
4
What is the thousands digit of 252374897?
4
What is the hundred thousands digit of 43949128?
9
What is the hundred thousands digit of 48592577?
5
What is the units digit of 13939622?
2
What is the ten millions digit of 250942100?
5
What is the ten thousands digit of 40570065?
7
What is the ten thousands digit of 661982886?
8
What is the tens digit of 3117756?
5
What is the ten millions digit of 40403402?
4
What is the thousands digit of 4081228988?
8
What is the ten millions digit of 165263016?
6
What is the hundred millions digit of 367524601?
3
What is the ten millions digit of 375569289?
7
What is the tens digit of 63410618?
1
What is the hundred thousands digit of 4059838950?
8
What is the hundred thousands digit of 473635223?
6
What is the ten thousands digit of 145703388?
0
What is the hundreds digit of 96618924?
9
What is the hundreds digit of 131584527?
5
What is the ten thousands digit of 116854788?
5
What is the ten thousands digit of 1365342352?
4
What is the ten millions digit of 649468521?
4
What is the tens digit of 737200389?
8
What is the millions digit of 264742590?
4
What is the tens digit of 140512534?
3
What is the thousands digit of 1032381384?
1
What is the units digit of 30022473?
3
What is the units digit of 43902691?
1
What is the ten thousands digit of 886155733?
5
What is the hundreds digit of 4365737393?
3
What is the millions digit of 82443630?
2
What is the hundred thousands digit of 142746060?
7
What is the hundred thousands digit of 7754530059?
5
What is the ten millions digit of 97871728?
9
What is the hundred thousands digit of 67815570?
8
What is the millions digit of 125531515?
5
What is the hundred thousands digit of 1316917?
3
What is the ten thousands digit of 8884960212?
6
What is the ten thousands digit of 11051577?
5
What is the hundreds digit of 116075529?
5
What is the hundreds digit of 9111281?
2
What is the